{"id":1178,"date":"2024-11-27T12:57:33","date_gmt":"2024-11-27T12:57:33","guid":{"rendered":"https:\/\/giteinperigord.com\/emballages\/"},"modified":"2026-03-22T11:42:18","modified_gmt":"2026-03-22T11:42:18","slug":"emballages","status":"publish","type":"page","link":"https:\/\/giteinperigord.com\/fr\/emballages\/","title":{"rendered":"Forfaits"},"content":{"rendered":"<div class=\"kb-row-layout-wrap kb-row-layout-id22_aeeced-01 alignnone wp-block-kadence-rowlayout\"><div class=\"kt-row-column-wrap kt-has-1-columns kt-row-layout-equal kt-tab-layout-inherit kt-mobile-layout-row kt-row-valign-top\">\n\n<div class=\"wp-block-kadence-column kadence-column22_216647-28\"><div class=\"kt-inside-inner-col\">\n<h2 class=\"kt-adv-heading22_7bbfa2-c7 wp-block-kadence-advancedheading\" data-kb-block=\"kb-adv-heading22_7bbfa2-c7\">Forfaits \u00e0 La Charni\u00e8re<\/h2>\n\n\n\n<p class=\"has-text-align-center\">En plus de notre tarif standard, nous proposons plusieurs options suppl\u00e9mentaires pour rendre votre s\u00e9jour encore plus sp\u00e9cial&#8230;  <\/p>\n\n\n\n<p class=\"has-text-align-center\">Quel que soit l&rsquo;endroit o\u00f9 vous effectuez votre r\u00e9servation pour votre s\u00e9jour, ces informations peuvent \u00eatre demand\u00e9es soit directement, soit par l&rsquo;interm\u00e9diaire de la plateforme de r\u00e9servation que vous avez choisie.<\/p>\n\n\n\n<div class=\"wp-block-kadence-spacer aligncenter kt-block-spacer-22_812782-c6\"><div class=\"kt-block-spacer kt-block-spacer-halign-center\"><hr class=\"kt-divider\"\/><\/div><\/div>\n\n\n\n<p><\/p>\n\n\n\n<div class=\"wp-block-kadence-infobox kt-info-box22_3e1bbc-c2\"><span class=\"kt-blocks-info-box-link-wrap info-box-link kt-blocks-info-box-media-align-top kt-info-halign-center\"><div class=\"kt-blocks-info-box-media-container\"><div class=\"kt-blocks-info-box-media kt-info-media-animate-none\"><div class=\"kadence-info-box-image-inner-intrisic-container\"><div class=\"kadence-info-box-image-intrisic kt-info-animate-none\"><div class=\"kadence-info-box-image-inner-intrisic\"><img loading=\"lazy\" decoding=\"async\" src=\"https:\/\/giteinperigord.com\/wp-content\/uploads\/2025\/01\/BF-1.jpg\" alt=\"\" width=\"508\" height=\"415\" class=\"kt-info-box-image wp-image-594\" srcset=\"https:\/\/giteinperigord.com\/wp-content\/uploads\/2025\/01\/BF-1.jpg 508w, https:\/\/giteinperigord.com\/wp-content\/uploads\/2025\/01\/BF-1-300x245.jpg 300w\" sizes=\"auto, (max-width: 508px) 100vw, 508px\" \/><\/div><\/div><\/div><\/div><\/div><div class=\"kt-infobox-textcontent\"><h3 class=\"kt-blocks-info-box-title\">Panier de petit-d\u00e9jeuner 20\u20ac pour deux personnes<\/h3><p class=\"kt-blocks-info-box-text\">Notre panier petit-d\u00e9jeuner comprend des produits de qualit\u00e9 et d&rsquo;origine locale, notamment des croissants artisanaux, des pains au chocolat, du caf\u00e9 frais, des jus de fruits, des c\u00e9r\u00e9ales et des yaourts, livr\u00e9s discr\u00e8tement \u00e0 votre porte.<br\/> <br\/><em>Disponible pour tout ou partie de votre s\u00e9jour. La demande doit \u00eatre faite 24 heures \u00e0 l&rsquo;avance. <\/em><\/p><\/div><\/span><\/div>\n\n\n\n<div class=\"wp-block-kadence-spacer aligncenter kt-block-spacer-22_05c047-6c\"><div class=\"kt-block-spacer kt-block-spacer-halign-center\"><hr class=\"kt-divider\"\/><\/div><\/div>\n\n\n\n<div class=\"wp-block-kadence-infobox kt-info-box22_b7c068-29\"><span class=\"kt-blocks-info-box-link-wrap info-box-link kt-blocks-info-box-media-align-top kt-info-halign-center\"><div class=\"kt-blocks-info-box-media-container\"><div class=\"kt-blocks-info-box-media kt-info-media-animate-none\"><div class=\"kadence-info-box-image-inner-intrisic-container\"><div class=\"kadence-info-box-image-intrisic kt-info-animate-none\"><div class=\"kadence-info-box-image-inner-intrisic\"><img loading=\"lazy\" decoding=\"async\" src=\"https:\/\/giteinperigord.com\/wp-content\/uploads\/2025\/01\/Platter.jpg\" alt=\"\" width=\"506\" height=\"415\" class=\"kt-info-box-image wp-image-597\" srcset=\"https:\/\/giteinperigord.com\/wp-content\/uploads\/2025\/01\/Platter.jpg 506w, https:\/\/giteinperigord.com\/wp-content\/uploads\/2025\/01\/Platter-300x246.jpg 300w\" sizes=\"auto, (max-width: 506px) 100vw, 506px\" \/><\/div><\/div><\/div><\/div><\/div><div class=\"kt-infobox-textcontent\"><h3 class=\"kt-blocks-info-box-title\">Plateau d&rsquo;arriv\u00e9e 35\u20ac pour deux personnes<\/h3><p class=\"kt-blocks-info-box-text\">Notre plateau se compose d&rsquo;une s\u00e9lection de charcuteries et de fromages locaux, servis avec des accompagnements, et d&rsquo;une bouteille de vin de 75 cl, d&rsquo;une bi\u00e8re ou d&rsquo;une boisson non alcoolis\u00e9e de votre choix. Option v\u00e9g\u00e9tarienne disponible. <br\/><br\/><em>Disponible uniquement la nuit de l&rsquo;arriv\u00e9e. Doit \u00eatre demand\u00e9 24 heures \u00e0 l&rsquo;avance. <\/em><\/p><\/div><\/span><\/div>\n\n\n\n<div class=\"wp-block-kadence-spacer aligncenter kt-block-spacer-22_7c68f5-fb\"><div class=\"kt-block-spacer kt-block-spacer-halign-center\"><hr class=\"kt-divider\"\/><\/div><\/div>\n\n\n\n<div class=\"wp-block-kadence-infobox kt-info-box22_28c6eb-86\"><span class=\"kt-blocks-info-box-link-wrap info-box-link kt-blocks-info-box-media-align-top kt-info-halign-center\"><div class=\"kt-blocks-info-box-media-container\"><div class=\"kt-blocks-info-box-media kt-info-media-animate-none\"><div class=\"kadence-info-box-image-inner-intrisic-container\"><div class=\"kadence-info-box-image-intrisic kt-info-animate-none\"><div class=\"kadence-info-box-image-inner-intrisic\"><img loading=\"lazy\" decoding=\"async\" src=\"https:\/\/giteinperigord.com\/wp-content\/uploads\/2025\/01\/Celeb-Package3-3-300x246.jpg\" alt=\"\" width=\"300\" height=\"246\" class=\"kt-info-box-image wp-image-591\" srcset=\"https:\/\/giteinperigord.com\/wp-content\/uploads\/2025\/01\/Celeb-Package3-3-300x246.jpg 300w, https:\/\/giteinperigord.com\/wp-content\/uploads\/2025\/01\/Celeb-Package3-3.jpg 507w\" sizes=\"auto, (max-width: 300px) 100vw, 300px\" \/><\/div><\/div><\/div><\/div><\/div><div class=\"kt-infobox-textcontent\"><h3 class=\"kt-blocks-info-box-title\">Forfait de c\u00e9l\u00e9bration 95<\/h3><p class=\"kt-blocks-info-box-text\">Notre formule de c\u00e9l\u00e9bration pour les s\u00e9jours de deux nuits comprend du fromage et de la charcuterie le soir de l&rsquo;arriv\u00e9e, une bouteille de champagne de 75 cl, un panier de petit-d\u00e9jeuner pour deux personnes les deux matins, et un d\u00e9part prolong\u00e9 jusqu&rsquo;\u00e0 midi le jour du d\u00e9part.  <br\/><br\/><em>Ce service est disponible toute l&rsquo;ann\u00e9e, pour n&rsquo;importe quelle date. Pour les s\u00e9jours plus longs, il n&rsquo;est pas obligatoire de prendre des paniers de petit-d\u00e9jeuner, mais ils sont disponibles apr\u00e8s les deux premiers jours moyennant un co\u00fbt suppl\u00e9mentaire. La demande doit \u00eatre faite 48 heures \u00e0 l&rsquo;avance.  <\/em><\/p><\/div><\/span><\/div>\n\n\n\n<div class=\"wp-block-kadence-spacer aligncenter kt-block-spacer-22_d5e7b9-50\"><div class=\"kt-block-spacer kt-block-spacer-halign-center\"><hr class=\"kt-divider\"\/><\/div><\/div>\n\n\n\n<div class=\"wp-block-kadence-infobox kt-info-box22_b65573-b1\"><span class=\"kt-blocks-info-box-link-wrap info-box-link kt-blocks-info-box-media-align-top kt-info-halign-center\"><div class=\"kt-blocks-info-box-media-container\"><div class=\"kt-blocks-info-box-media kt-info-media-animate-none\"><div class=\"kadence-info-box-image-inner-intrisic-container\"><div class=\"kadence-info-box-image-intrisic kt-info-animate-none\"><div class=\"kadence-info-box-image-inner-intrisic\"><img loading=\"lazy\" decoding=\"async\" src=\"https:\/\/giteinperigord.com\/wp-content\/uploads\/2025\/01\/Christmas.jpg\" alt=\"\" width=\"507\" height=\"414\" class=\"kt-info-box-image wp-image-610\" srcset=\"https:\/\/giteinperigord.com\/wp-content\/uploads\/2025\/01\/Christmas.jpg 507w, https:\/\/giteinperigord.com\/wp-content\/uploads\/2025\/01\/Christmas-300x245.jpg 300w\" sizes=\"auto, (max-width: 507px) 100vw, 507px\" \/><\/div><\/div><\/div><\/div><\/div><div class=\"kt-infobox-textcontent\"><h3 class=\"kt-blocks-info-box-title\">S\u00e9jours de No\u00ebl et du Nouvel An  <\/h3><p class=\"kt-blocks-info-box-text\">Si vous souhaitez passer No\u00ebl ou le Nouvel An avec nous, c&rsquo;est l&rsquo;endroit id\u00e9al pour se r\u00e9chauffer, faire un plongeon dans le jacuzzi ou tout simplement se cacher du monde ! Nous pouvons vous proposer des tarifs sp\u00e9ciaux sur mesure pour des extras, notamment des paniers de petit-d\u00e9jeuner pour le jour de No\u00ebl et le jour de l&rsquo;An. Tous les s\u00e9jours festifs sont accompagn\u00e9s d&rsquo;une bouteille de champagne de 75 cl et d&rsquo;un panier de bienvenue de saison.   D\u00e9corations facultatives !  <br\/><br\/><em>Des tarifs sp\u00e9ciaux peuvent \u00eatre appliqu\u00e9s pour les dates du 24 au 26 d\u00e9cembre et du 31 d\u00e9cembre au 1er janvier.  <\/em><\/p><\/div><\/span><\/div>\n<\/div><\/div>\n\n<\/div><\/div>\n<p><\/p>\n","protected":false},"excerpt":{"rendered":"<p>Forfaits \u00e0 La Charni\u00e8re En plus de notre tarif standard, nous proposons plusieurs options suppl\u00e9mentaires pour rendre votre s\u00e9jour encore plus sp\u00e9cial&#8230; Quel que soit l&rsquo;endroit o\u00f9 vous effectuez votre r\u00e9servation pour votre s\u00e9jour, ces informations peuvent \u00eatre demand\u00e9es soit directement, soit par l&rsquo;interm\u00e9diaire de la plateforme de r\u00e9servation que vous avez choisie.<\/p>\n","protected":false},"author":1,"featured_media":0,"parent":0,"menu_order":0,"comment_status":"closed","ping_status":"closed","template":"","meta":{"footnotes":""},"class_list":["post-1178","page","type-page","status-publish","hentry"],"_links":{"self":[{"href":"https:\/\/giteinperigord.com\/fr\/wp-json\/wp\/v2\/pages\/1178","targetHints":{"allow":["GET"]}}],"collection":[{"href":"https:\/\/giteinperigord.com\/fr\/wp-json\/wp\/v2\/pages"}],"about":[{"href":"https:\/\/giteinperigord.com\/fr\/wp-json\/wp\/v2\/types\/page"}],"author":[{"embeddable":true,"href":"https:\/\/giteinperigord.com\/fr\/wp-json\/wp\/v2\/users\/1"}],"replies":[{"embeddable":true,"href":"https:\/\/giteinperigord.com\/fr\/wp-json\/wp\/v2\/comments?post=1178"}],"version-history":[{"count":2,"href":"https:\/\/giteinperigord.com\/fr\/wp-json\/wp\/v2\/pages\/1178\/revisions"}],"predecessor-version":[{"id":1339,"href":"https:\/\/giteinperigord.com\/fr\/wp-json\/wp\/v2\/pages\/1178\/revisions\/1339"}],"wp:attachment":[{"href":"https:\/\/giteinperigord.com\/fr\/wp-json\/wp\/v2\/media?parent=1178"}],"curies":[{"name":"wp","href":"https:\/\/api.w.org\/{rel}","templated":true}]}}

<div class="kb-row-layout-wrap kb-row-layout-id22_aeeced-01 alignnone wp-block-kadence-rowlayout"><div class="kt-row-column-wrap kt-has-1-columns kt-row-layout-equal kt-tab-layout-inherit kt-mobile-layout-row kt-row-valign-top">

<div class="wp-block-kadence-column kadence-column22_216647-28"><div class="kt-inside-inner-col">
<h2 class="kt-adv-heading22_7bbfa2-c7 wp-block-kadence-advancedheading" data-kb-block="kb-adv-heading22_7bbfa2-c7">Forfaits à La Charnière</h2>



<p class="has-text-align-center">En plus de notre tarif standard, nous proposons plusieurs options supplémentaires pour rendre votre séjour encore plus spécial&#8230;  </p>



<p class="has-text-align-center">Quel que soit l&rsquo;endroit où vous effectuez votre réservation pour votre séjour, ces informations peuvent être demandées soit directement, soit par l&rsquo;intermédiaire de la plateforme de réservation que vous avez choisie.</p>



<div class="wp-block-kadence-spacer aligncenter kt-block-spacer-22_812782-c6"><div class="kt-block-spacer kt-block-spacer-halign-center"><hr class="kt-divider"/></div></div>



<p></p>



<div class="wp-block-kadence-infobox kt-info-box22_3e1bbc-c2"><span class="kt-blocks-info-box-link-wrap info-box-link kt-blocks-info-box-media-align-top kt-info-halign-center"><div class="kt-blocks-info-box-media-container"><div class="kt-blocks-info-box-media kt-info-media-animate-none"><div class="kadence-info-box-image-inner-intrisic-container"><div class="kadence-info-box-image-intrisic kt-info-animate-none"><div class="kadence-info-box-image-inner-intrisic"><img loading="lazy" decoding="async" src="https://giteinperigord.com/wp-content/uploads/2025/01/BF-1.jpg" alt="" width="508" height="415" class="kt-info-box-image wp-image-594" srcset="https://giteinperigord.com/wp-content/uploads/2025/01/BF-1.jpg 508w, https://giteinperigord.com/wp-content/uploads/2025/01/BF-1-300x245.jpg 300w" sizes="auto, (max-width: 508px) 100vw, 508px" /></div></div></div></div></div><div class="kt-infobox-textcontent"><h3 class="kt-blocks-info-box-title">Panier de petit-déjeuner 20€ pour deux personnes</h3><p class="kt-blocks-info-box-text">Notre panier petit-déjeuner comprend des produits de qualité et d&rsquo;origine locale, notamment des croissants artisanaux, des pains au chocolat, du café frais, des jus de fruits, des céréales et des yaourts, livrés discrètement à votre porte.<br/> <br/><em>Disponible pour tout ou partie de votre séjour. La demande doit être faite 24 heures à l&rsquo;avance. </em></p></div></span></div>



<div class="wp-block-kadence-spacer aligncenter kt-block-spacer-22_05c047-6c"><div class="kt-block-spacer kt-block-spacer-halign-center"><hr class="kt-divider"/></div></div>



<div class="wp-block-kadence-infobox kt-info-box22_b7c068-29"><span class="kt-blocks-info-box-link-wrap info-box-link kt-blocks-info-box-media-align-top kt-info-halign-center"><div class="kt-blocks-info-box-media-container"><div class="kt-blocks-info-box-media kt-info-media-animate-none"><div class="kadence-info-box-image-inner-intrisic-container"><div class="kadence-info-box-image-intrisic kt-info-animate-none"><div class="kadence-info-box-image-inner-intrisic"><img loading="lazy" decoding="async" src="https://giteinperigord.com/wp-content/uploads/2025/01/Platter.jpg" alt="" width="506" height="415" class="kt-info-box-image wp-image-597" srcset="https://giteinperigord.com/wp-content/uploads/2025/01/Platter.jpg 506w, https://giteinperigord.com/wp-content/uploads/2025/01/Platter-300x246.jpg 300w" sizes="auto, (max-width: 506px) 100vw, 506px" /></div></div></div></div></div><div class="kt-infobox-textcontent"><h3 class="kt-blocks-info-box-title">Plateau d&rsquo;arrivée 35€ pour deux personnes</h3><p class="kt-blocks-info-box-text">Notre plateau se compose d&rsquo;une sélection de charcuteries et de fromages locaux, servis avec des accompagnements, et d&rsquo;une bouteille de vin de 75 cl, d&rsquo;une bière ou d&rsquo;une boisson non alcoolisée de votre choix. Option végétarienne disponible. <br/><br/><em>Disponible uniquement la nuit de l&rsquo;arrivée. Doit être demandé 24 heures à l&rsquo;avance. </em></p></div></span></div>



<div class="wp-block-kadence-spacer aligncenter kt-block-spacer-22_7c68f5-fb"><div class="kt-block-spacer kt-block-spacer-halign-center"><hr class="kt-divider"/></div></div>



<div class="wp-block-kadence-infobox kt-info-box22_28c6eb-86"><span class="kt-blocks-info-box-link-wrap info-box-link kt-blocks-info-box-media-align-top kt-info-halign-center"><div class="kt-blocks-info-box-media-container"><div class="kt-blocks-info-box-media kt-info-media-animate-none"><div class="kadence-info-box-image-inner-intrisic-container"><div class="kadence-info-box-image-intrisic kt-info-animate-none"><div class="kadence-info-box-image-inner-intrisic"><img loading="lazy" decoding="async" src="https://giteinperigord.com/wp-content/uploads/2025/01/Celeb-Package3-3-300x246.jpg" alt="" width="300" height="246" class="kt-info-box-image wp-image-591" srcset="https://giteinperigord.com/wp-content/uploads/2025/01/Celeb-Package3-3-300x246.jpg 300w, https://giteinperigord.com/wp-content/uploads/2025/01/Celeb-Package3-3.jpg 507w" sizes="auto, (max-width: 300px) 100vw, 300px" /></div></div></div></div></div><div class="kt-infobox-textcontent"><h3 class="kt-blocks-info-box-title">Forfait de célébration 95</h3><p class="kt-blocks-info-box-text">Notre formule de célébration pour les séjours de deux nuits comprend du fromage et de la charcuterie le soir de l&rsquo;arrivée, une bouteille de champagne de 75 cl, un panier de petit-déjeuner pour deux personnes les deux matins, et un départ prolongé jusqu&rsquo;à midi le jour du départ.  <br/><br/><em>Ce service est disponible toute l&rsquo;année, pour n&rsquo;importe quelle date. Pour les séjours plus longs, il n&rsquo;est pas obligatoire de prendre des paniers de petit-déjeuner, mais ils sont disponibles après les deux premiers jours moyennant un coût supplémentaire. La demande doit être faite 48 heures à l&rsquo;avance.  </em></p></div></span></div>



<div class="wp-block-kadence-spacer aligncenter kt-block-spacer-22_d5e7b9-50"><div class="kt-block-spacer kt-block-spacer-halign-center"><hr class="kt-divider"/></div></div>



<div class="wp-block-kadence-infobox kt-info-box22_b65573-b1"><span class="kt-blocks-info-box-link-wrap info-box-link kt-blocks-info-box-media-align-top kt-info-halign-center"><div class="kt-blocks-info-box-media-container"><div class="kt-blocks-info-box-media kt-info-media-animate-none"><div class="kadence-info-box-image-inner-intrisic-container"><div class="kadence-info-box-image-intrisic kt-info-animate-none"><div class="kadence-info-box-image-inner-intrisic"><img loading="lazy" decoding="async" src="https://giteinperigord.com/wp-content/uploads/2025/01/Christmas.jpg" alt="" width="507" height="414" class="kt-info-box-image wp-image-610" srcset="https://giteinperigord.com/wp-content/uploads/2025/01/Christmas.jpg 507w, https://giteinperigord.com/wp-content/uploads/2025/01/Christmas-300x245.jpg 300w" sizes="auto, (max-width: 507px) 100vw, 507px" /></div></div></div></div></div><div class="kt-infobox-textcontent"><h3 class="kt-blocks-info-box-title">Séjours de Noël et du Nouvel An  </h3><p class="kt-blocks-info-box-text">Si vous souhaitez passer Noël ou le Nouvel An avec nous, c&rsquo;est l&rsquo;endroit idéal pour se réchauffer, faire un plongeon dans le jacuzzi ou tout simplement se cacher du monde ! Nous pouvons vous proposer des tarifs spéciaux sur mesure pour des extras, notamment des paniers de petit-déjeuner pour le jour de Noël et le jour de l&rsquo;An. Tous les séjours festifs sont accompagnés d&rsquo;une bouteille de champagne de 75 cl et d&rsquo;un panier de bienvenue de saison.   Décorations facultatives !  <br/><br/><em>Des tarifs spéciaux peuvent être appliqués pour les dates du 24 au 26 décembre et du 31 décembre au 1er janvier.  </em></p></div></span></div>
</div></div>

</div></div>
<p></p>

<p>Forfaits à La Charnière En plus de notre tarif standard, nous proposons plusieurs options supplémentaires pour rendre votre séjour encore plus spécial&#8230; Quel que soit l&rsquo;endroit où vous effectuez votre réservation pour votre séjour, ces informations peuvent être demandées soit directement, soit par l&rsquo;intermédiaire de la plateforme de réservation que vous avez choisie.</p>
